er when h is divided by 19.
18
What is the remainder when 1567 is divided by (-14 - (-247)/19) + 57?
55
Let z be 0 + 1 + (1 - -1). Suppose 23*y = 69*y - 92. Suppose -z*o = -y*o - 21. Calculate the remainder when o is divided by 8.
5
What is the remainder when 111/(-222)*20280/(-4) is divided by 69?
51
Let z = -6655 - -6764. Calculate the remainder when 1203 is divided by z.
4
Let u(w) = 21*w**2 + 4*w + 3. Suppose -5*t - 2 = -3*i, -8*i = 3*t - 236 - 47. What is the remainder when u(5) is divided by i?
26
Let u = -52 - -54. Suppose 47 = 3*y + y - o, u = 2*o. What is the remainder when 68 is divided by y?
8
Let m(t) = 2*t**2 - 7. Suppose -75906 = 119*z - 666*z - 6437. Calculate the remainder when z is divided by m(-6).
62
Suppose 5*f = 2*m + 2 + 9, 0 = 4*f + 3*m - 18. Suppose f*y - 2 = 19. Suppose -y*o = -213 - 312. Calculate the remainder when o is divided by 39.
36
Suppose a - 3*k - 135 = -2*a, -2*a + k + 92 = 0. Suppose n - 20 - 108 = 0. Let u = n - a. Calculate the remainder when u is divided by 41.
40
Suppose 4*b - 2*b - 19 = -g, -35 = -4*b - 5*g. What is the remainder when 19 - (10 - (-5 + b)) is divided by 1?
0
Let m(g) = -g**3 - 7*g**2 - 34*g - 357. What is the remainder when m(-11) is divided by 36?
33
Let k = 15 - 7. Suppose -3*r - 104 = -2*o, 0 = -3*r - 3 + 21. What is the remainder when o is divided by k?
5
Let h(x) = 4*x**2 - 138*x - 26. Let b = 223 + -188. What is the remainder when 72 is divided by h(b)?
28
Suppose 13*h - 16*h = -8*h + 2405. What is the remainder when h is divided by 239?
3
Suppose -1407 = -3*d + 633. Let x = d + -485. Calculate the remainder when x is divided by 9.
6
Let f = 7146 - 7096. What is the remainder when 348 is divided by f?
48
Let l(g) = 12*g**2 - 31*g + 55. Let v be l(16). Suppose 23*x - v + 837 = 0. What is the remainder when x is divided by 16?
14
Let s be 2 - (-3)/((-6)/4). Let x be (-10)/(-35) + s + (-222)/(-7). Let v = -27 + x. What is the remainder when 18 is divided by v?
3
Let h = -208 + 222. Suppose 5*c - 655 = -2*l, 2*c + 13*l - 262 = h*l. What is the remainder when c is divided by 12?
11
Suppose 2*t + 53*l - 910 = 58*l, -477 = -t - 3*l. Calculate the remainder when t is divided by 89.
20
Let m(a) = -a**2 + 15*a - 4. Let c = 213 - 747. What is the remainder when c/(-33) - 4/22 is divided by m(14)?
6
Let k = -64 - -22. Let y = 42 + k. Suppose 7*z - 2*z + 3*f - 115 = y, -5*f - 25 = 0. Calculate the remainder when 50 is divided by z.
24
Let n = -5991 - -7679. What is the remainder when n is divided by 3?
2
Let f be (-3 + 3)/(2 + 0). Calculate the remainder when ((-350)/210)/(2/(f - 42)) is divided by 10.
5
Let z = 164 + -162. Suppose -z*i = -i - 4. What is the remainder when 8 is divided by i?
0
Let c(g) be the first derivative of -g**3/3 + 17*g**2 - 74*g + 127. Calculate the remainder when c(23) is divided by 7.
4
Let b(j) = 2*j**2 + 4*j - 5. Let o be b(-5). Let q = -17 + o. Let f(a) = -164*a - 2430. What is the remainder when f(-15) is divided by q?
6
Suppose 5*k - 3*t = 460, -2*t + 276 = 3*k - 4*t. Calculate the remainder when k is divided by 5392/160 + -3 + (-66)/(-20).
24
Suppose -4 = -4*m, -27*m = 2*a - 29*m - 182. Let g = a - 71. Calculate the remainder when 21 is divided by g.
0
Suppose 27*q = 22*q - r + 231, -3*r = -3. Suppose -n = -0*n + 9. Calculate the remainder when q is divided by 13*(-6)/n*3.
20
Let x = 21 - -10. Suppose 0 = 4*p - x - 9. Suppose -2325*k - 238 = -2332*k. Calculate the remainder when k is divided by p.
4
What is the remainder when (19 - -143)*(-90)/(-12) is divided by 25?
15
Suppose -2*m + 13*m - 3718 = 0. Let p = m - 257. Calculate the remainder when p is divided by 12.
9
Suppose 4*x - 3*x = 13. Let l(y) = 12*y**3 - 43*y**2 - 15*y + 1. Calculate the remainder when l(4) is divided by x.
8
Let h(z) be the third derivative of z**6/120 + z**5/30 - 5*z**4/24 + 5*z**3/6 - 43*z**2 + 1. Let x = 3 + 18. What is the remainder when h(4) is divided by x?
18
Let h be -290*3/(60/(-32)). Suppose -3*p = 5*q - 728, 2*p + h = 3*q - 3*p. Let i = 230 - q. Calculate the remainder when i is divided by 28.
26
Suppose -188*v + 2223 = -175*v. What is the remainder when 295 is divided by v?
124
Let r = 13769 + -13684. What is the remainder when 384 is divided by r?
44
Suppose 0 = -42*y + 47*y - 215. What is the remainder when 680 is divided by y?
35
Suppose -2*g - 4*o - 10 = 0, 2*o + 2*o = -g - 11. Let s be -4 + (0 - 953)*g. Calculate the remainder when s/(-12) + 5/20 is divided by 27.
26
Let z = 151 + -392. What is the remainder when (-95)/19 - (3 + z) is divided by 18?
17
Let t(y) = y**3 - 8*y**2 + 2*y - 5. Let z be t(8). Calculate the remainder when 136 is divided by (-161)/(-4) + -6*z/(-88).
13
Let n(s) be the first derivative of -11*s**2/2 - 123*s + 171. What is the remainder when n(-19) is divided by 13?
8
Suppose 0 = -5*f + 587 - 102. Suppose 2*c + 2*n - 2 = 0, 2 = 5*c + 4*n - 2*n. Suppose c*t + 4*t = 100. Calculate the remainder when f is divided by t.
22
Let s(w) = -5*w - 172. Let b be s(6). Let c = 357 + b. What is the remainder when c is divided by 13?
12
Let a be 5 - (1 + -1 - -3). Suppose -5*m + 5 = 0, 22 = -4*r - a*m - 124. Let x = -8 - r. Calculate the remainder when x is divided by 10.
9
Let x = -57 + 160. Suppose x*c + 340 = 108*c. What is the remainder when 133 is divided by c?
65
Suppose -w + 56 = 13*w. Suppose -4*j - 67 - 2 = -3*f, w*j = 4*f - 92. What is the remainder when 112 is divided by f?
20
Suppose 4*s - 282 = 90. Let t = -580 + 348. Let w = t + 256. Calculate the remainder when s is divided by w.
21
Let h = 240 + -165. Let r = 51174 - 51153. What is the remainder when h is divided by r?
12
Let k(f) = 2*f**3 + 30*f**2 - 121*f - 66. Calculate the remainder when k(-18) is divided by 9.
6
Suppose 4*d + 2*o - 57 = 3, d + o - 16 = 0. Let q = 30 - 12. Suppose -q = -5*f + 22. What is the remainder when d is divided by f?
6
Suppose 0 = 3*l - 6*l + 2*k + 6, -2*l + 4*k - 4 = 0. Calculate the remainder when 190 is divided by 1 - l/3 - (-3298)/102.
30
Let a(d) = -742*d**3 - d**2 + 8*d + 9. What is the remainder when a(-1) is divided by 195?
157
Let j(c) = -4*c - 6. Suppose 368 = 5*d + 2*r, d + d - 164 = -5*r. Calculate the remainder when d is divided by j(-7).
6
Let z(b) = -4*b**3 - b**2 - 22*b - 113. What is the remainder when z(-4) is divided by 99?
17
Let r(s) = -4*s - 8. Suppose 8*m - 8 = 24. Let i be (-10)/m - 30/20. Calculate the remainder when 95 is divided by r(i).
7
Suppose 0 = -t - 3*c + 772, 2*t - c + 0*c = 1544. Let o = t + -387. Suppose 3*s - o = -2*s. What is the remainder when s is divided by 27?
23
Suppose -16*o - 328*o + 70731 = -73*o. What is the remainder when o is divided by 212?
49
Let p(l) = 2*l**2 - 32*l + 155. Let r be p(7). Suppose r*a + 2465 = 34*a. Calculate the remainder when a is divided by 19.
18
Suppose -2*r + 3 = 2*d - 13, 10 = -r + 5*d. Suppose -r*h + 8 + 27 = 0. Calculate the remainder when 14 - (-11)/((-154)/(-84)) is divided by h.
6
Let b = 271 - 272. What is the remainder when 191 is divided by (b - 1/(-3))*-24?
15
Suppose 1083*f = -3*d + 1085*f + 1912, -d - 4*f + 628 = 0. Calculate the remainder when d is divided by 74.
44
Suppose k + 4*t - 7 = 5*t, k + 4*t = -8. Let s(d) = 2*d**3 - 6*d**2 + 9*d - 25. Calculate the remainder when s(k) is divided by 17.
9
Let u = -1224 - -1314. What is the remainder when 266 is divided by u?
86
Let k(a) = 3*a**2 - 365*a - 1081. Let h = -155 + 318. What is the remainder when h is divided by k(-3)?
40
Suppose 127 + 168 = 3*v + 148. What is the remainder when 1444/6 + (-4)/6 is divided by v?
44
Suppose -36 = -i + 80. Let c(k) be the first derivative of -5*k**2/2 - 45*k - 43. What is the remainder when i is divided by c(-15)?
26
Calculate the remainder when (1001/13 - -20) + -19 is divided by 15.
3
Let l be (1 - 18/(-6)) + (-5)/1. What is the remainder when 49 is divided by (l/3 + 0)/((-7)/231)?
5
Let c = -14867 - -20777. Calculate the remainder when c is divided by 169.
164
What is the remainder when 1952 is divided by ((-3)/(-12))/(50/1860*(-6)/(-20))?
30
Let s = 7896 + -5407. What is the remainder when s is divided by 155?
9
Suppose -1468 = -12*w - 1444. Let f be 0/(0 + 3 + -4). Suppose f = 5*k - 11 + 1. Calculate the remainder when w is divided by k.
0
Let r be 6 + 19/(133/168). Suppose r*a = -678 + 1